{"id":366,"date":"2022-10-21T13:26:21","date_gmt":"2022-10-21T13:26:21","guid":{"rendered":"https:\/\/tilman-kuhrt.de\/wp\/?page_id=366"},"modified":"2022-10-22T16:09:34","modified_gmt":"2022-10-22T16:09:34","slug":"start-2","status":"publish","type":"page","link":"https:\/\/tilman-kuhrt.de\/wp\/","title":{"rendered":"Start"},"content":{"rendered":"\t\t<div data-elementor-type=\"wp-page\" data-elementor-id=\"366\" class=\"elementor elementor-366\">\n\t\t\t\t\t\t<section class=\"elementor-section elementor-top-section elementor-element elementor-element-a00c6a7 elementor-section-boxed elementor-section-height-default elementor-section-height-default\" data-id=\"a00c6a7\" data-element_type=\"section\">\n\t\t\t\t\t\t<div class=\"elementor-container elementor-column-gap-default\">\n\t\t\t\t\t<div class=\"elementor-column elementor-col-100 elementor-top-column elementor-element elementor-element-3e930ed\" data-id=\"3e930ed\" data-element_type=\"column\">\n\t\t\t<div class=\"elementor-widget-wrap elementor-element-populated\">\n\t\t\t\t\t\t<div class=\"elementor-element elementor-element-44c7e5b elementor-widget elementor-widget-spacer\" data-id=\"44c7e5b\" data-element_type=\"widget\" data-widget_type=\"spacer.default\">\n\t\t\t\t<div class=\"elementor-widget-container\">\n\t\t\t\t\t\t\t<div class=\"elementor-spacer\">\n\t\t\t<div class=\"elementor-spacer-inner\"><\/div>\n\t\t<\/div>\n\t\t\t\t\t\t<\/div>\n\t\t\t\t<\/div>\n\t\t\t\t\t<\/div>\n\t\t<\/div>\n\t\t\t\t\t<\/div>\n\t\t<\/section>\n\t\t\t\t<section class=\"elementor-section elementor-top-section elementor-element elementor-element-9a8aadc elementor-section-boxed elementor-section-height-default elementor-section-height-default\" data-id=\"9a8aadc\" data-element_type=\"section\">\n\t\t\t\t\t\t<div class=\"elementor-container elementor-column-gap-default\">\n\t\t\t\t\t<div class=\"elementor-column elementor-col-100 elementor-top-column elementor-element elementor-element-b2972e7\" data-id=\"b2972e7\" data-element_type=\"column\">\n\t\t\t<div class=\"elementor-widget-wrap elementor-element-populated\">\n\t\t\t\t\t\t<div class=\"elementor-element elementor-element-c978729 elementor-widget elementor-widget-heading\" data-id=\"c978729\" data-element_type=\"widget\" data-widget_type=\"heading.default\">\n\t\t\t\t<div class=\"elementor-widget-container\">\n\t\t\t\t\t<h2 class=\"elementor-heading-title elementor-size-default\">Neustes<\/h2>\t\t\t\t<\/div>\n\t\t\t\t<\/div>\n\t\t\t\t\t<\/div>\n\t\t<\/div>\n\t\t\t\t\t<\/div>\n\t\t<\/section>\n\t\t\t\t<section class=\"elementor-section elementor-top-section elementor-element elementor-element-8744d83 elementor-section-boxed elementor-section-height-default elementor-section-height-default\" data-id=\"8744d83\" data-element_type=\"section\">\n\t\t\t\t\t\t<div class=\"elementor-container elementor-column-gap-default\">\n\t\t\t\t\t<div class=\"elementor-column elementor-col-50 elementor-top-column elementor-element elementor-element-447ac77\" data-id=\"447ac77\" data-element_type=\"column\">\n\t\t\t<div class=\"elementor-widget-wrap elementor-element-populated\">\n\t\t\t\t\t\t<div class=\"elementor-element elementor-element-bce49a7 elementor-widget elementor-widget-text-editor\" data-id=\"bce49a7\" data-element_type=\"widget\" data-widget_type=\"text-editor.default\">\n\t\t\t\t<div class=\"elementor-widget-container\">\n\t\t\t\t\t\t\t\t\t<h1><span style=\"color: #800000;\"><strong>En Face<\/strong><\/span><\/h1><p><strong>Grenzg\u00e4nger im Portr\u00e4t<\/strong><\/p><p><strong>\u00a0<\/strong><\/p><p class=\"p1\"><span class=\"s1\">Tilman Kuhrt, geboren 1971, arbeitet als Maler und Dozent in Leipzig. Sein bevorzugtes Sujet ist die Portraitmalerei. F\u00fcr sein neues Projekt \u201eEn Face\u201c hat er sich vorgenommen, Pers\u00f6nlichkeiten, die sein Leben begleitet, gepr\u00e4gt und beeinflusst haben, auf seine Weise zu portraitieren.<\/span><\/p><p class=\"p1\">Tilman Kuhrt plant die Ausf\u00fchrung seiner Portraits in unterschiedlichen Techniken. Es sollen zun\u00e4chst Zeichnungen und ein gemaltes Bild enstehen. Der Arbeitsprozess kann auch filmisch begleitet\u00a0 werden. W\u00e4hrend der Portraitsitzungen wird es Gespr\u00e4che geben, aber auch Momente der Stille und der Konzentration. So soll von Bild zu Bild eine Sammlung entstehen, die mit der Zeit an Gr\u00f6\u00dfe und Bedeutung gewinnt: Eine Galerie der Zeitgeschichte in Portraits. Dem kunstinteressierten Publikum soll sie in Form von Ausstellungen zug\u00e4nglich gemacht werden. Auch wird ein hochwertiger Bildband erscheinen.<\/p><p class=\"p1\">Warum sollte heute noch jemand Portraits malen?\u00a0<\/p><p class=\"p1\">Die Antwort hat mehrere Aspekte. Das Ergebnis ist unausweichlich individuell und einzigartig und hebt sich damit als Kunstwerk von der digitalen Bilderflut ab.Wie Musik nicht nur aus T\u00f6nen und Gedichte nicht nur aus W\u00f6rtern bestehen, so ist auch ein gemaltes Bild weitaus mehr als nur Farbe auf Leinwand. Vor allem ist es das Ergebnis einer menschlichen Begegnung.\u00a0Ein guter Portraitist wird mehr als nur Gesehenes abbilden, sondern besondere Charakterz\u00fcge hervorheben.\u00a0Die vielen kleinen Signale in Haltung und Ausdruck, an denen sich Stimmung und Befindlichkeit eines Menschen erkennen lassen, m\u00fcssen visuell umgestzt werden. Dabei kann jeder Portraitierte dem Wohlwollen des Malers vertrauen. Er wird niemanden karikieren. Aber genauso wenig sollen idealisierte Darstellungen entstehen. Vielmehr f\u00fchren die Bilder uns authentisch vor Augen, was der K\u00fcnstler in einem konkreten Augenblick in seinem\u00a0Gegen\u00fcber gesehen und erkannt hat. Daher laden wir dazu ein, sich auf diese au\u00dfergew\u00f6hnliche Erfahrung einzulassen.<\/p><p>Gerald Grundman<\/p>\t\t\t\t\t\t\t\t<\/div>\n\t\t\t\t<\/div>\n\t\t\t\t\t<\/div>\n\t\t<\/div>\n\t\t\t\t<div class=\"elementor-column elementor-col-50 elementor-top-column elementor-element elementor-element-c2d8220\" data-id=\"c2d8220\" data-element_type=\"column\">\n\t\t\t<div class=\"elementor-widget-wrap\">\n\t\t\t\t\t\t\t<\/div>\n\t\t<\/div>\n\t\t\t\t\t<\/div>\n\t\t<\/section>\n\t\t\t\t<section class=\"elementor-section elementor-top-section elementor-element elementor-element-36fbda5 elementor-section-boxed elementor-section-height-default elementor-section-height-default\" data-id=\"36fbda5\" data-element_type=\"section\">\n\t\t\t\t\t\t<div class=\"elementor-container elementor-column-gap-default\">\n\t\t\t\t\t<div class=\"elementor-column elementor-col-100 elementor-top-column elementor-element elementor-element-83dc540\" data-id=\"83dc540\" data-element_type=\"column\">\n\t\t\t<div class=\"elementor-widget-wrap elementor-element-populated\">\n\t\t\t\t\t\t<div class=\"elementor-element elementor-element-faef8c9 elementor-widget elementor-widget-text-editor\" data-id=\"faef8c9\" data-element_type=\"widget\" data-widget_type=\"text-editor.default\">\n\t\t\t\t<div class=\"elementor-widget-container\">\n\t\t\t\t\t\t\t\t\t<p>Copyright \u00a9 2020. Tilman Kuhrt &#8211; Malerei, Graphik. E-Mail: <a href=\"mailto:info@tilman-kuhrt.de\">info@tilman-kuhrt.de<\/a>\u00a0 \u00a0 \u00a0designed by Adrian Heller: <a href=\"https:\/\/adrian-heller.de\">https:\/\/adrian-heller.de<\/a><\/p>\t\t\t\t\t\t\t\t<\/div>\n\t\t\t\t<\/div>\n\t\t\t\t\t<\/div>\n\t\t<\/div>\n\t\t\t\t\t<\/div>\n\t\t<\/section>\n\t\t\t\t<\/div>\n\t\t","protected":false},"excerpt":{"rendered":"<p>Neustes En Face Grenzg\u00e4nger im Portr\u00e4t \u00a0 Tilman Kuhrt, geboren 1971, arbeitet als Maler und Dozent in Leipzig. Sein bevorzugtes Sujet ist die Portraitmalerei. F\u00fcr sein neues Projekt \u201eEn Face\u201c hat er sich vorgenommen, Pers\u00f6nlichkeiten, die sein Leben begleitet, gepr\u00e4gt und beeinflusst haben, auf seine Weise zu portraitieren. Tilman Kuhrt plant die Ausf\u00fchrung seiner Portraits &hellip; <\/p>\n<p class=\"link-more\"><a href=\"https:\/\/tilman-kuhrt.de\/wp\/\" class=\"more-link\"><span class=\"screen-reader-text\">\u201eStart\u201c<\/span> weiterlesen<\/a><\/p>\n","protected":false},"author":1,"featured_media":0,"parent":0,"menu_order":0,"comment_status":"closed","ping_status":"closed","template":"elementor_header_footer","meta":{"footnotes":""},"class_list":["post-366","page","type-page","status-publish","hentry"],"_links":{"self":[{"href":"https:\/\/tilman-kuhrt.de\/wp\/index.php?rest_route=\/wp\/v2\/pages\/366","targetHints":{"allow":["GET"]}}],"collection":[{"href":"https:\/\/tilman-kuhrt.de\/wp\/index.php?rest_route=\/wp\/v2\/pages"}],"about":[{"href":"https:\/\/tilman-kuhrt.de\/wp\/index.php?rest_route=\/wp\/v2\/types\/page"}],"author":[{"embeddable":true,"href":"https:\/\/tilman-kuhrt.de\/wp\/index.php?rest_route=\/wp\/v2\/users\/1"}],"replies":[{"embeddable":true,"href":"https:\/\/tilman-kuhrt.de\/wp\/index.php?rest_route=%2Fwp%2Fv2%2Fcomments&post=366"}],"version-history":[{"count":13,"href":"https:\/\/tilman-kuhrt.de\/wp\/index.php?rest_route=\/wp\/v2\/pages\/366\/revisions"}],"predecessor-version":[{"id":409,"href":"https:\/\/tilman-kuhrt.de\/wp\/index.php?rest_route=\/wp\/v2\/pages\/366\/revisions\/409"}],"wp:attachment":[{"href":"https:\/\/tilman-kuhrt.de\/wp\/index.php?rest_route=%2Fwp%2Fv2%2Fmedia&parent=366"}],"curies":[{"name":"wp","href":"https:\/\/api.w.org\/{rel}","templated":true}]}}

<div data-elementor-type="wp-page" data-elementor-id="366" class="elementor elementor-366">
						<section class="elementor-section elementor-top-section elementor-element elementor-element-a00c6a7 elementor-section-boxed elementor-section-height-default elementor-section-height-default" data-id="a00c6a7" data-element_type="section">
						<div class="elementor-container elementor-column-gap-default">
					<div class="elementor-column elementor-col-100 elementor-top-column elementor-element elementor-element-3e930ed" data-id="3e930ed" data-element_type="column">
			<div class="elementor-widget-wrap elementor-element-populated">
						<div class="elementor-element elementor-element-44c7e5b elementor-widget elementor-widget-spacer" data-id="44c7e5b" data-element_type="widget" data-widget_type="spacer.default">
				<div class="elementor-widget-container">
							<div class="elementor-spacer">
			<div class="elementor-spacer-inner"></div>
		</div>
						</div>
				</div>
					</div>
		</div>
					</div>
		</section>
				<section class="elementor-section elementor-top-section elementor-element elementor-element-9a8aadc elementor-section-boxed elementor-section-height-default elementor-section-height-default" data-id="9a8aadc" data-element_type="section">
						<div class="elementor-container elementor-column-gap-default">
					<div class="elementor-column elementor-col-100 elementor-top-column elementor-element elementor-element-b2972e7" data-id="b2972e7" data-element_type="column">
			<div class="elementor-widget-wrap elementor-element-populated">
						<div class="elementor-element elementor-element-c978729 elementor-widget elementor-widget-heading" data-id="c978729" data-element_type="widget" data-widget_type="heading.default">
				<div class="elementor-widget-container">
					<h2 class="elementor-heading-title elementor-size-default">Neustes</h2>				</div>
				</div>
					</div>
		</div>
					</div>
		</section>
				<section class="elementor-section elementor-top-section elementor-element elementor-element-8744d83 elementor-section-boxed elementor-section-height-default elementor-section-height-default" data-id="8744d83" data-element_type="section">
						<div class="elementor-container elementor-column-gap-default">
					<div class="elementor-column elementor-col-50 elementor-top-column elementor-element elementor-element-447ac77" data-id="447ac77" data-element_type="column">
			<div class="elementor-widget-wrap elementor-element-populated">
						<div class="elementor-element elementor-element-bce49a7 elementor-widget elementor-widget-text-editor" data-id="bce49a7" data-element_type="widget" data-widget_type="text-editor.default">
				<div class="elementor-widget-container">
									<h1><span style="color: #800000;"><strong>En Face</strong></span></h1><p><strong>Grenzgänger im Porträt</strong></p><p><strong> </strong></p><p class="p1"><span class="s1">Tilman Kuhrt, geboren 1971, arbeitet als Maler und Dozent in Leipzig. Sein bevorzugtes Sujet ist die Portraitmalerei. Für sein neues Projekt „En Face“ hat er sich vorgenommen, Persönlichkeiten, die sein Leben begleitet, geprägt und beeinflusst haben, auf seine Weise zu portraitieren.</span></p><p class="p1">Tilman Kuhrt plant die Ausführung seiner Portraits in unterschiedlichen Techniken. Es sollen zunächst Zeichnungen und ein gemaltes Bild enstehen. Der Arbeitsprozess kann auch filmisch begleitet  werden. Während der Portraitsitzungen wird es Gespräche geben, aber auch Momente der Stille und der Konzentration. So soll von Bild zu Bild eine Sammlung entstehen, die mit der Zeit an Größe und Bedeutung gewinnt: Eine Galerie der Zeitgeschichte in Portraits. Dem kunstinteressierten Publikum soll sie in Form von Ausstellungen zugänglich gemacht werden. Auch wird ein hochwertiger Bildband erscheinen.</p><p class="p1">Warum sollte heute noch jemand Portraits malen? </p><p class="p1">Die Antwort hat mehrere Aspekte. Das Ergebnis ist unausweichlich individuell und einzigartig und hebt sich damit als Kunstwerk von der digitalen Bilderflut ab.Wie Musik nicht nur aus Tönen und Gedichte nicht nur aus Wörtern bestehen, so ist auch ein gemaltes Bild weitaus mehr als nur Farbe auf Leinwand. Vor allem ist es das Ergebnis einer menschlichen Begegnung. Ein guter Portraitist wird mehr als nur Gesehenes abbilden, sondern besondere Charakterzüge hervorheben. Die vielen kleinen Signale in Haltung und Ausdruck, an denen sich Stimmung und Befindlichkeit eines Menschen erkennen lassen, müssen visuell umgestzt werden. Dabei kann jeder Portraitierte dem Wohlwollen des Malers vertrauen. Er wird niemanden karikieren. Aber genauso wenig sollen idealisierte Darstellungen entstehen. Vielmehr führen die Bilder uns authentisch vor Augen, was der Künstler in einem konkreten Augenblick in seinem Gegenüber gesehen und erkannt hat. Daher laden wir dazu ein, sich auf diese außergewöhnliche Erfahrung einzulassen.</p><p>Gerald Grundman</p>								</div>
				</div>
					</div>
		</div>
				<div class="elementor-column elementor-col-50 elementor-top-column elementor-element elementor-element-c2d8220" data-id="c2d8220" data-element_type="column">
			<div class="elementor-widget-wrap">
							</div>
		</div>
					</div>
		</section>
				<section class="elementor-section elementor-top-section elementor-element elementor-element-36fbda5 elementor-section-boxed elementor-section-height-default elementor-section-height-default" data-id="36fbda5" data-element_type="section">
						<div class="elementor-container elementor-column-gap-default">
					<div class="elementor-column elementor-col-100 elementor-top-column elementor-element elementor-element-83dc540" data-id="83dc540" data-element_type="column">
			<div class="elementor-widget-wrap elementor-element-populated">
						<div class="elementor-element elementor-element-faef8c9 elementor-widget elementor-widget-text-editor" data-id="faef8c9" data-element_type="widget" data-widget_type="text-editor.default">
				<div class="elementor-widget-container">
									<p>Copyright © 2020. Tilman Kuhrt &#8211; Malerei, Graphik. E-Mail: <a href="mailto:info@tilman-kuhrt.de">info@tilman-kuhrt.de</a>     designed by Adrian Heller: <a href="https://adrian-heller.de">https://adrian-heller.de</a></p>								</div>
				</div>
					</div>
		</div>
					</div>
		</section>
				</div>

<p>Neustes En Face Grenzgänger im Porträt   Tilman Kuhrt, geboren 1971, arbeitet als Maler und Dozent in Leipzig. Sein bevorzugtes Sujet ist die Portraitmalerei. Für sein neues Projekt „En Face“ hat er sich vorgenommen, Persönlichkeiten, die sein Leben begleitet, geprägt und beeinflusst haben, auf seine Weise zu portraitieren. Tilman Kuhrt plant die Ausführung seiner Portraits &hellip; </p>
<p class="link-more"><a href="https://tilman-kuhrt.de/wp/" class="more-link"><span class="screen-reader-text">„Start“</span> weiterlesen</a></p>
